 i - 8. Let h(u) = -6*u + 2. Determine h(d).
14
Let i = 21 + -11. Let x be (-70)/25*i/(-4). Suppose -c = 5*a - 11 - 14, 3*a + x = -5*c. Let j(v) = v + 4. Calculate j(a).
10
Let j(d) = d - 2. Let m be j(-4). Let n(r) = -r**2 + 5. Let l(f) = f. Let v(i) = 4*l(i) - n(i). Give v(m).
7
Let o(l) = 4 - 3*l + 0*l + 2*l - l**2. Let p = -12 + 12. Let r be p/(-1 - (-1 + 2)). Calculate o(r).
4
Suppose -4*y - y - 13 = -2*c, 5*c = 20. Let k(b) be the first derivative of 7*b**4/4 - b**3/3 - b**2 - b + 1. Calculate k(y).
-7
Let s be 94/10 - (-2)/(-5). Let p(d) = 7*d + 0 - 1 + s. Let w(r) = 6*r + 7. Let i(g) = -3*p(g) + 4*w(g). Calculate i(-3).
-5
Let w(r) = 4 + 6*r**2 - 9*r**2 + 8*r**2 + 7*r - 6*r**2. Suppose -4*j + 9 = -3. Suppose -j*q - 12 = -5*q. Determine w(q).
10
Let k(r) be the second derivative of -r**5/20 + r**4/2 - 4*r**3/3 + 11*r**2 + 515*r. Determine k(5).
7
Let d be (110/(-66))/(5/(-6)). Let v(c) = -3*c - 9*c**3 + 4*c**3 + 12*c**3 + d*c. What is v(-1)?
-6
Let y(w) be the first derivative of -w**2/2 - 4. What is y(1)?
-1
Let n(p) be the second derivative of -2/3*p**3 + 0 + 1/2*p**2 - 27*p. Determine n(6).
-23
Suppose 3 = -3*b - 31*h + 34*h, 34 = -4*b - 2*h. Let j(u) = 2*u + 8. Calculate j(b).
-4
Let z(w) = 14*w**3 - 7*w - 12*w**3 - 7*w**3 - 7*w**2 + 6*w**3 - 8. Determine z(8).
0
Let j(u) = 6*u - 3. Let x(l) = 3*l - 1. Let s(h) = j(h) - 3*x(h). Give s(1).
-3
Let h(s) = 304*s**2 + 2 - 4 - 305*s**2 - 6*s + 4. Suppose -i - 3*i + 32 = 0. Let p = -14 + i. Determine h(p).
2
Let g(l) = 6*l**3 + 2*l**2 - 1. Let y = -18 + 29. Suppose 12 = -4*p + 2*k, -2*p + 5*k = y + 11. What is g(p)?
-5
Let f(s) be the second derivative of -s**4/12 - 7*s**3/3 - 3*s**2 + 9*s - 14. Calculate f(-14).
-6
Let c be (-4)/3 + 130/30. Suppose -18 = -4*t + 2. Let p(u) = u + 0 + 2 - t. Give p(c).
0
Suppose 0 = 3*p + p - 4*c + 28, -p = 5*c + 1. Let s(o) be the second derivative of o**3/6 + 3*o**2/2 - 236*o + 1. Calculate s(p).
-3
Let u be 2/2 + (-7 - -10). Let z be 1/((-40)/(-38) - 1). Suppose 0 = 5*p + u*a - 24, -4*p - 5*a = -2 - z. Let y(i) = i - 3. Give y(p).
1
Let j be (272/(-340))/((-1)/(-5)). Let m(s) = s**3 + 5*s**2 + 5*s. Determine m(j).
-4
Let t(j) = -j - 4. Suppose -79 = 3*g + u, g - 3*u + 2*u = -33. Let a be (-30)/7 + (-8)/g. Give t(a).
0
Suppose 4*x - 2*x + 8 = 0. Let l(k) = -4*k**3 + k**2 - 2*k - 4. Let i(o) = -3*o**3 - 2*o - 4. Let u(n) = x*l(n) + 5*i(n). Let m = -21 - -26. Give u(m).
11
Suppose -5*v + 3*a = 2*a + 4, 3*a = 3*v + 12. Let p(q) = q**3 - q**2 + 2*q - 2. Let c(j) = -j + 1. Let t(x) = 3*c(x) + p(x). Calculate t(v).
1
Let c(o) = o**3 - 4*o**2 + 4*o - 2. Suppose 62 = -3*j - 10. Let b = -22 - j. What is c(b)?
-2
Suppose c - 22 + 37 = 0. Let s = c + 11. Let o(t) = t**2 + 5*t. Give o(s).
-4
Let g(z) = -5*z**2 - z - 2. Suppose 4*j + 2*h - 120 = h, 3*j + 2*h - 90 = 0. Let a be 84/j + (-2)/10*4. Give g(a).
-24
Let l(g) = 2*g**2 - 3*g + 3. Let q = -26 - -28. Let k be l(q). Let y(s) be the first derivative of -s**4/4 + 2*s**3 - 2*s**2 + 4*s - 1. Give y(k).
9
Suppose -129*i + 8 = -134*i - l, -12 = 4*l. Let j(t) = 17*t**2 + t. What is j(i)?
16
Let i(f) = 3*f**3 - f**2 - 2*f - 2. Let p(j) = j**3 - j**2 - j. Let u(n) = n**3 + 5*n**2 + n + 4. Let r be u(-5). Let q(l) = r*i(l) + 2*p(l). Give q(0).
2
Let q(f) = 31*f. Let t(m) = m**3 + 2*m**2 + 5*m - 1. Let k be t(0). What is q(k)?
-31
Let o(l) = 40*l - 37. Let j(p) = -22*p + 20. Let s(q) = -11*j(q) - 6*o(q). Calculate s(10).
22
Let c(t) = -12*t + 2. Let d = 872 + -867. Give c(d).
-58
Suppose 0 = -3*z - a - 82, -4*z + 3*a = z + 160. Let r = z - -28. Let b(c) = -c**2 + 2*c + 1. What is b(r)?
-2
Suppose 70 = 2*p + 28. Let u = p + -29. Let w = u - -13. Let z(n) = -n - 2. Give z(w).
-7
Let z(x) = x + 16. Let k be z(-11). Let n(h) be the second derivative of h**5/20 - 5*h**4/12 - h**2 + 451*h. Determine n(k).
-2
Suppose 0 = 3*x + 4*w - 14, -2*x - 8*w = -4*w - 16. Let l(h) = -5*h + 2. Let p(q) = -5*q + 1. Let r(t) = 3*l(t) - 4*p(t). What is r(x)?
-8
Let g(a) be the third derivative of -a**4/6 - 4*a**3/3 + 11*a**2 - a. What is g(-2)?
0
Let b(j) = -j**2 + 15*j - 31. Suppose -5*n = -5*u, 6 = 4*u - 7*u + 5*n. Determine b(u).
5
Let s(l) be the second derivative of -l**5/20 - l**4/12 + l**3/3 - l**2/2 + 323*l. Give s(3).
-31
Let c(h) = -95*h - 9 - 10 + 11 + 94*h. Suppose -q + 2*q = -5*a - 3, -5*a - 19 = 3*q. Give c(q).
0
Let f(c) = -3*c**2 + c + 1. Suppose -4*s + 15 = -s. Suppose 5*t = -s*n + 21 - 56, 12 = -3*t. Let y be n*(-1)/3*-1. Give f(y).
-3
Suppose -4*j + 4 = d, -j - 3*d = 20 - 21. Let i(l) = -7*l**2 + l + 1. Calculate i(j).
-5
Let g be (-1 - -2) + (18 + -9 - 11). Let l(b) = -45*b**2 + b + 1. What is l(g)?
-45
Let s = -9 + 3. Let v = 8 + s. Let t(o) = 6*o**3 - 5*o**2 + 3*o - 3. Let x(c) = 5*c**3 - 4*c**2 + 3*c - 3. Let r(n) = 6*t(n) - 7*x(n). What is r(v)?
-3
Let h(z) = -z. Suppose 0 = 5*g - 26 - 4. Let t(k) = k**2 - 3*k - 44. Let x be t(-6). Let i = g - x. Give h(i).
4
Let y(q) = -q**2 - 3*q. Let g(r) = r**2 + 2*r + 1. Let m(f) = -4*g(f) - 3*y(f). Let v = -283 + 283. What is m(v)?
-4
Let u(a) = 3 - 46*a + 2*a**2 + 1 + 13*a + 28*a. Suppose -32 = -2*n - 4*h, -n - 3*h + 10 = -10. Let p = n + -5. What is u(p)?
7
Suppose 0 = -4*c + 9 - 5. Let w be (1 - (c + -1)) + (-5 - -7). Let t(n) = n**3 - n**2 - 3*n - 3. Calculate t(w).
6
Let s(p) = 4*p + 45. Let x be s(-11). Let j(w) = -w**3 + 3*w - 3. Let z be j(x). Let h(i) = -3*i**2 - i. Determine h(z).
-2
Let c(o) be the first derivative of -o**4/4 + 5*o**3/3 + 7*o**2/2 - 6*o - 170. Calculate c(6).
0
Let y(g) = g**2 + 8*g + 3. Let s(j) = 20 - 21 + 0*j - j. Let l(t) = -2*s(t) - y(t). Determine l(-5).
4
Let i(q) = q**2 - 3*q + 1. Let k = -18 - -20. Let w be (-4)/(-4) + k - 1. What is i(w)?
-1
Let z(r) be the second derivative of r**4/4 - 2*r**3/3 + r**2/2 + 415*r. What is z(4)?
33
Suppose -3*a - 5 = -2*d + 4*d, 4*a = -4*d - 12. Let o(b) be the third derivative of -b**5/60 - b**4/6 - 5*b**3/6 - 55*b**2 - 2. Determine o(d).
-5
Let u(h) = -h + 1. Let l be u(-7). Let v(x) = x - 2. Let n be v(l). Let b(a) = 7*a - 14. Let p(w) = 3*w - 7. Let s(y) = 2*b(y) - 5*p(y). Calculate s(n).
1
Let z be (-2 - -1) + (-1 + 13)/(-4). Let p(b) = -b**2 - 3*b + 3. Determine p(z).
-1
Let j(w) be the second derivative of -w**5/10 + 3*w**4/4 - w**3/3 - 5*w**2/2 + 4*w - 48. What is j(4)?
3
Let a(j) = -3*j**2 - 2*j + 1. Let g(u) = -u**3 + 5*u**2 - 9*u + 7. Let b be g(3). What is a(b)?
-7
Let m(a) = -a - 5*a + a + 5 + a**2. Let s be -13 - -4 - (-2 - -2). Let y(t) = -t**3 - 9*t**2 + t + 13. Let j be y(s). Calculate m(j).
1
Suppose 398*z + 88 = 409*z. Let f(n) = -n**3 + 9*n**2 - 4*n + 3. Determine f(z).
35
Let q(k) be the second derivative of 3*k**5/40 + k**4/8 - 5*k**3 - 9*k. Let p(f) be the second derivative of q(f). What is p(-2)?
-15
Let t(k) = -10 + 10 + 4 + 2 - 3*k. Suppose -5*o - 30 = -7*o. Suppose 5*w - 3*j = o, 0*j + 20 = 5*w - 2*j. Calculate t(w).
-12
Let p(r) be the third derivative of r**4/4 - 7*r**3/6 - 2*r**2 - 7. Let i be p(1). Let x(l) = 10*l**3 - l**2 + 1. Give x(i).
-10
Let j(r) = -897 - 6*r + 891 + 2*r**2 - 3*r. Suppose 0 = 2*l - l + 5*t - 27, 0 = l - 3*t + 5. Give j(l).
29
Suppose 0 = -5*b - 4*d + 78, -5*b - 5*d = -3*d - 84. Let z be b/(-27) - 16/(-6). Let u(a) = -28*a + 2*a**z - 3*a**2 + 24*a + 2. Give u(-5).
-3
Let c(y) be the first derivative of -5/2*y**2 - 1/15*y**5 + 0*y**3 + 0*y + 5 + 1/24*y**4. Let q(w) be the second derivative of c(w). Determine q(-1).
-5
Suppose 3*i = -24*i - 189. Let z(k) = -k**2 - 7*k + 7. What is z(i)?
7
Let t(p) = -4*p - 2. Suppose 0 = -j - 215 + 217. Let g be (-3 + -1)*2/4. Let a be (0 - g)/(j/(-2)). What is t(a)?
6
Let w be (-4)/(-10) - 144/(-40). Suppose 3*b - 5 = w*b. Let v(t) = 0*t - 2*t - 1 - 3*t + 4*t. Give v(b).
4
Let u(f) = 5*f**3 - 4*f**2 - f - 4. Let y(n) = n**3 + n**2 - 2*n + 1. Let c(a) = u(a) - 4*y(a). Calculate c(7).
-8
Let i be ((-20)/(-1))/(-5) - -9. Let g(r) = i*r - 6 - r - 5*r - 1. Give g(6).
-13
Let y(c) = 6*c**2 + c - 1. Let t(z) = -z**3 - 19*z**2 - 17*z - 5. Let k(d) = -t(d) - 5*y(d). Calculate k(9).
-44
Let j(u) be the second derivative of -u**3/6 - 3*u**2 - 2*u + 93. Determine j(-4).
-2
Let n be -3*(15/9 + -2). Let h(o) = 18*o**2 - o. What is h(n)?
17
Let u(w) = w**3 + 11*w**2 + 8*w - 10. Let i be u(-10). Suppose i*f - 6*f = 0. Let o(r) = 5*r**3 - 4*r